50*v**2 - 2*v + 15. Let o be z(-25). What is the highest common divisor of 65 and o?
65
Let r(c) = 4*c**2 - 4*c**2 - c**2 + 16 + 18*c. Let g be r(18). Suppose v - 11 = 3*t - 5, v + 2*t = g. What is the greatest common divisor of 108 and v?
12
Let c = -212 + 342. Suppose 0 = -5*w - 4*v + c + 395, 0 = -v. Suppose 0 + w = 3*g. What is the greatest common factor of 14 and g?
7
Let s = 807 + 117. What is the highest common divisor of s and 33?
33
Let t(i) = 70*i - 50. Let d be t(1). Calculate the greatest common divisor of d and 124.
4
Let q(t) = 4*t**2 + t - 2. Let m be q(1). Suppose -5*y + 4*v = m*v - 38, -3 = v. Let b = y - 1. What is the greatest common divisor of b and 6?
6
Let h be ((-2 - -9)*-3 - -4)*-7. What is the highest common factor of 28 and h?
7
Let h = -446 + 450. What is the highest common factor of h and 112?
4
Suppose -3*d + d + 11 = 5*n, 0 = 3*d + 2*n - 33. Suppose 20 = -d*g + 17*g. What is the highest common factor of g and 5?
5
Suppose 16*g - 2328 - 1160 = 0. Calculate the highest common factor of g and 2.
2
Let d be (-1430)/(-90) + (-2)/(-18). What is the greatest common factor of 56 and d?
8
Let h = 185 + -55. Calculate the highest common divisor of 10 and h.
10
Let x be -8*8*(-24)/48. Calculate the greatest common factor of x and 96.
32
Let m be (11/(-3))/((-6)/18). Let u(t) = 77*t**2 - t + 1. Let f be u(1). Calculate the highest common factor of m and f.
11
Let s = -40 + 42. Let a be (-1)/(33/(-15) + s) - -3. Let h = 7 - -1. What is the highest common divisor of h and a?
8
Let w(f) = f - 6. Let z be w(8). Suppose -z*q + 18 = q. Suppose -120 = v - q*v. Calculate the greatest common divisor of 96 and v.
24
Let f be 4/8*20*1. Suppose 9*j = -j + 50. Suppose 5*b - p = -j*p + 121, b = -p + 24. What is the highest common divisor of f and b?
5
Suppose 10*w + 63 = 293. What is the highest common factor of 23 and w?
23
Let h = -722 - -1666. Let s be 1/(-3) - h/(-24). Suppose -4*j - 3 + s = 0. Calculate the greatest common divisor of j and 9.
9
Suppose 7*s - 6*s = 6. Suppose 2*q = 3*f - 30, f + 5*q = s + 4. What is the highest common factor of f and 90?
10
Let m = -161 + 213. What is the greatest common divisor of 13 and m?
13
Suppose 0 = -4*o + j + j - 140, 16 = -4*j. Let x be (3 + (o - 2))/(-2). Calculate the greatest common divisor of x and 6.
6
Let r be 46/3 - 2/6. Let q be 4/6*r*1. Let o = -6 + 16. Calculate the highest common factor of o and q.
10
Let r be -2 + 2 + 1 + 1. Suppose 7*m - r*m = -10. Let k be ((-33)/m)/(1/6). What is the highest common divisor of 11 and k?
11
Suppose -1 - 1 = c. Let p be (5/(-3))/(c/36). Calculate the greatest common divisor of p and 20.
10
Let g be (62/8)/(42/2352). What is the highest common divisor of g and 186?
62
Let p be (-30)/20*2/(-3). Suppose i + p = 4. Calculate the highest common factor of 3 and i.
3
Let a be 786*8/48 - 1. What is the greatest common divisor of a and 585?
65
Suppose 10*n - 21*n + 8250 = 0. Calculate the greatest common factor of n and 10.
10
Suppose -2*w - 54 = 5*q, 0 = 9*q - 4*q + 10. Suppose -46 = -l + 4*l + h, -3*l - 4*h - 40 = 0. Let x = l - w. What is the greatest common factor of 4 and x?
2
Let h = -18 - -20. Let r be 1 - (4*(-77)/h - -3). What is the highest common divisor of 19 and r?
19
Suppose -12*g = -9*g + v - 30, g + 3*v = 18. Calculate the greatest common factor of 45 and g.
9
Let c be (-6 + 7)/(2/(-6)). Let j be (-27 - 3)/(c/6). Suppose 3*y - 32 - 13 = 0. Calculate the greatest common divisor of y and j.
15
Let l(h) = 28*h**2 - 3*h**2 + 11*h - 12*h. Let z be l(-1). Calculate the greatest common factor of z and 26.
26
Let x(m) = 4 + 2*m + 5 - 5*m - 3. Let p be x(0). Calculate the highest common divisor of 54 and p.
6
Let w(m) = 10*m**2 - 25*m - 90. Let u(j) = 3*j**2 - 8*j - 30. Let c(s) = 7*u(s) - 2*w(s). Let z be c(11). What is the greatest common divisor of 75 and z?
25
Let u(p) = -p**3 + 11*p**2 - 10*p + 6. Let h be u(10). Let z = 2 + h. Suppose -10 - z = -3*m. What is the highest common divisor of 60 and m?
6
Let z(s) = s**2 - 2*s + 2. Let o = -16 - -20. Let g be z(o). Suppose -7*k + 9*k - g = 0. What is the highest common divisor of k and 25?
5
Suppose -34*m + 96 + 176 = 0. Calculate the highest common factor of m and 248.
8
Let g = -292 + 326. Calculate the greatest common divisor of 986 and g.
34
Let a = 101 + -95. What is the highest common divisor of 32 and a?
2
Let c be (-75)/(-10)*(-6)/(-5). Let z = 3 + c. Let u = 0 + z. What is the highest common factor of u and 24?
12
Suppose -160 = -2*b + 4*z, 0 = -4*b - 2*z + z + 356. What is the greatest common factor of b and 11?
11
Let f(o) = -o**3 - 10*o**2 - 4*o + 8. Let c be f(-10). What is the highest common divisor of 48 and c?
48
Let w be (-2 - -47)*(-128)/(-48). Calculate the greatest common factor of w and 384.
24
Let s be ((-15)/(-6) - 2)*-16. Let k = s - -16. Let r(j) = -j**2 + 7*j + 6. Let q be r(5). What is the greatest common divisor of k and q?
8
Suppose 3*m + m - 864 = 0. Suppose -93 = -3*f - 2*y, -55 = -3*f + 3*y + 8. Calculate the highest common factor of m and f.
27
Suppose -5*g + 2190 = -5*d, 269 = 2*g - 4*d - 601. Calculate the highest common factor of 3 and g.
3
Let b(w) = -w**3 + 4*w**2 - w - 1. Suppose 10 = m - 0*m. Suppose 2*h = -m, 0*c - 5*h = 5*c + 10. Let i be b(c). Calculate the highest common factor of 45 and i.
5
Let x be 669/(-9) - (10/6)/(-5). Let t = x + 107. What is the greatest common factor of 297 and t?
33
Suppose -4*u = -14*u + 20. Let y = 47 - 34. Suppose y = u*r + 3. Calculate the greatest common divisor of 55 and r.
5
Suppose 2*d + 8 = p, 3*p - 2 = 8*p + 4*d. Suppose -5*h + 10 = 0, 6 = -p*o - 2*h + 20. Calculate the highest common divisor of 5 and o.
5
Suppose 406 - 14 = 7*z. What is the highest common factor of 266 and z?
14
Suppose 3*y + 2*f - 97 = 0, -4*y + 4*f + 128 = 7*f. Let i = 125 - 111. Calculate the greatest common factor of y and i.
7
Let l be (-44)/(-6)*9/6. Let s(n) = 125*n**3 - 6*n**2 + 6*n - 1. Let q be s(1). Suppose -l = -3*x + q. Calculate the greatest common factor of 15 and x.
15
Suppose 812 = 9*o + 20. Calculate the highest common divisor of 8 and o.
8
Let c be ((-2)/(-4)*0)/2. Let v = 0 + 133. Suppose -5*f + 628 - v = c. Calculate the greatest common divisor of f and 9.
9
Suppose 25 = -5*y, 3*b + 5*y = 51 + 41. Suppose 2*d - 5*p = b, 7*d + 5*p - 45 = 2*d. Let m = -70 + 118. Calculate the greatest common divisor of m and d.
12
Suppose 2*h = 2*a - 108, -a + 55 = h - 1. Calculate the highest common divisor of 440 and a.
55
Let q(w) = 51*w**2 + w. Let a be q(-1). Let p be (-32)/10 - 40/a - -175. What is the greatest common factor of 38 and p?
19
Suppose g - 98 = 7. Let i(s) = 5*s - 5. Let z be i(4). What is the highest common divisor of g and z?
15
Let l(c) = 2*c + 5. Let p be l(-4). Let k be (-2)/p + 425/15. What is the greatest common divisor of 116 and k?
29
Let z = 46 + -16. Calculate the highest common factor of z and 40.
10
Suppose -2*n = 3*y - 7*n - 6321, y + 5*n - 2127 = 0. Calculate the greatest common factor of y and 132.
132
Suppose -162 = -z + b, 3*b - 810 = -2*z - 3*z. Calculate the greatest common divisor of z and 36.
18
Let p be -7 + 329/(-188)*(-1 - 243). Calculate the greatest common factor of p and 108.
12
Let l(t) = -t - 2. Let a be l(-3). Let v be a/(5/(-82))*-5. Let u = -57 + v. Calculate the highest common factor of 200 and u.
25
Let d(o) = 12*o**2 - 49*o + 20. Let m be d(10). What is the greatest common divisor of 10 and m?
10
Suppose -5*q = 3*n - 221, 4*n - 225 = -5*q - n. Suppose -6*m - 28 = -8*m. Let z = q + m. Calculate the greatest common factor of z and 38.
19
Suppose -5*s + s - q = -424, 0 = 5*q. Let n = 260 - s. Suppose 2*w - n = -2*k, 142 + 190 = 4*w - 2*k. What is the highest common divisor of w and 9?
9
Suppose -36*u + 22*u = 54*u - 1360. Let l(p) = 23*p**2 - 2. Let z be l(2). Calculate the highest common factor of u and z.
10
Let z = -139 + 166. Calculate the highest common factor of 171 and z.
9
Suppose -4*l - l = -175. Let c = 2 + 13. Let v = c - 10. What is the greatest common divisor of v and l?
5
Let b(t) = 2*t**2 - 11*t - 27. Let v be b(-2). Calculate the highest common divisor of 96 and v.
3
Let d(y) be the first derivative of y**2 - 33*y - 32. Let m be d(19). What is the greatest common factor of 45 and